ivisor of q and d.
14
Suppose -3 = 3*a - 18. Suppose -5*l + 205 = -5*m, 4*l - 101 = -4*m + 95. What is the greatest common divisor of l and a?
5
Suppose 3*z + 4*k - 73 = 161, k = -3. What is the greatest common divisor of z and 1558?
82
Suppose 0 = 3*r + 7*f - 6*f - 3815, -4*r + 5088 = f. Calculate the highest common divisor of 134 and r.
67
Let r(m) = -m**3 + 8*m**2 + 3*m - 33. Let t be r(7). Calculate the highest common divisor of 296 and t.
37
Let a(h) be the third derivative of h**5/60 - h**4/3 - 29*h**3/3 + 14*h**2. Let j be a(13). What is the greatest common divisor of j and 35?
7
Let j = 558 + -420. What is the highest common factor of j and 46?
46
Suppose -2*o + 2*c = 6*c + 4, -5*o + c = 32. Let p = 0 - o. What is the greatest common divisor of 66 and p?
6
Suppose c + 2*g + 1 = -0, -g + 1 = c. Suppose -2 = -c*n + 13. What is the greatest common divisor of 20 and n?
5
Let b be 54/4 + 33/22. Let g be (b/(-10))/(2/(-32)). Let a = g - 6. Calculate the greatest common factor of a and 12.
6
Suppose -5*h = 4*y - 350, 3*y - 175 = 2*h + 99. What is the greatest common factor of y and 70?
10
Let o = 49 + -25. Suppose 0 = 2*x - 0*x + o. Let g be (-3 + 3 + -1)*x. Calculate the greatest common factor of g and 24.
12
Let h = 22 + -22. Suppose 5*k - k - 60 = h. Calculate the greatest common factor of 60 and k.
15
Suppose -30*q = -40*q + 2820. Calculate the highest common divisor of 6 and q.
6
Suppose 2*x - 3*n + 118 = -5*n, -x - 4*n - 71 = 0. Let s be (-6)/33 + (-2760)/x. Let u = 1 - -19. Calculate the greatest common divisor of u and s.
10
Let u = -73 + 173. Let h = 125 + u. Calculate the greatest common divisor of h and 90.
45
Suppose -643*d = -631*d - 504. What is the highest common factor of d and 210?
42
Let y be (-2)/1 - 1*-2. Suppose y - 12 = -2*c. Suppose -c*x + 1714 = -134. Calculate the greatest common factor of x and 28.
28
Suppose 7*t - 850 = 214. Suppose 5*n - t = 63. Calculate the highest common divisor of n and 86.
43
Suppose 5*y + 2*a = -8 + 138, -87 = -4*y - 5*a. Let s = -9 - -14. Suppose -241 = -s*x - 31. What is the highest common factor of x and y?
14
Let h(y) = -y**2 + 5 + 7*y + 2*y**2 + 3 + 0. Let n be h(-6). Suppose 11*v + 2*v - 234 = 0. Calculate the highest common divisor of v and n.
2
Let h = 58 + -47. Let v(y) = 3*y - 20. Let q be v(h). Calculate the highest common factor of q and 91.
13
Suppose -2*f = -8 - 20. Let x be 3/1 + 0/4. Suppose 2*z = -x*z + 10. Calculate the greatest common divisor of f and z.
2
Suppose -23*p + 646 = -619. What is the greatest common divisor of p and 5?
5
Let o be (417 - -6 - 3)*(-2)/(-5). What is the highest common divisor of 56 and o?
56
Suppose 3*k + 3*f - 197 = 112, 16 = 4*f. Let b be -2 - (-2 - -2) - -57. Let m be 1/(225/b + -4). Calculate the greatest common factor of k and m.
11
Let m(h) = 7*h - 296. Let v be m(45). Let x(w) = -13*w + 15. Let l be x(-12). Calculate the highest common factor of l and v.
19
Let i = 26 - 20. Suppose -i*c = -2*c - 288. Calculate the highest common divisor of c and 48.
24
Suppose 0 = -d + 5*k + 7, 10*d - 185 = 5*d - 5*k. Let q be 26/(-8) + (-1)/(-4). Let l = 5 - q. What is the greatest common factor of l and d?
8
Let a be 18/(-15) - (-730)/25. What is the highest common factor of a and 364?
28
Let p = 31 + 109. Let c be (15 - 7 - 1)*12/3. Calculate the highest common divisor of p and c.
28
Let d(w) = -2*w**3 - 13*w**2 - 8*w + 4. Let h be d(-6). Calculate the highest common factor of 232 and h.
8
Let h be 6*37 + -35 + 29. What is the greatest common divisor of 27 and h?
27
Suppose h - c - 4 = 0, -4*h = -9*h - 5*c - 30. Let n be -1*-6*h/(-2). Calculate the highest common divisor of 2 and n.
1
Suppose -33 + 39 = -2*h, r + 3*h = 98. Calculate the greatest common divisor of 3317 and r.
107
Let d(o) = 41*o**2 - 4*o. Let r be d(4). Let a = r - 456. Suppose 4*x = 3*t - 0*t - a, 0 = -t + 4*x + 72. What is the greatest common divisor of t and 7?
7
Suppose 20 = 5*m + 3*h, h - 1 + 5 = m. Suppose -m*b = -3*b - 22. Calculate the greatest common divisor of 2 and b.
2
Suppose -5*j - 8 = 5*w - 3, 3*j - w = 9. Let c be 172 + -6 + j*-2. What is the highest common divisor of c and 18?
18
Let v(p) = p**2 - 2. Let t be v(2). Let q be t - 2/(-10)*-5. Calculate the highest common divisor of 5 and q.
1
Let i(l) = l**3 - 11*l**2 + 14*l - 36. Let y be i(10). Calculate the highest common factor of 12 and y.
4
Let z(r) = 8*r + 1 - 15*r + 11*r. Let b be z(2). Suppose -12*d + 90 = -b*d. Calculate the greatest common divisor of d and 6.
6
Let d(t) = -t**3 - 7*t**2 + 8*t - 11. Let a(c) = -c**2 + c. Let v(z) = a(z) + d(z). Let q be v(-11). What is the highest common divisor of 23 and q?
23
Let f(l) = 15*l - 314. Let t be f(22). Let g = 2 - -1. Let m = g + -1. What is the highest common factor of t and m?
2
Let x be (-9738)/(-270) - (-1)/(-15). Calculate the highest common divisor of x and 2808.
36
Let l = 1452 - 1416. Let f = 218 - 74. What is the greatest common divisor of l and f?
36
Let w be 0/(-4 - -1 - -5). Suppose w*y = y. Suppose y = 5*j - 35 - 245. What is the highest common factor of 14 and j?
14
Let b be (3 - 10 - -2)*1. Let m(w) = w**2 + 4*w - 5. Let v be m(b). Let y = 38 - v. What is the highest common divisor of 95 and y?
19
Let g be 16/(-5) - 5/(-25). Let i be ((-135)/(-25))/(g/(-135)) + -3. Calculate the highest common factor of i and 30.
30
Let u(w) = -w**3 + 7*w**2 + 2*w - 4. Let d be u(7). Suppose -5*p + 75 - d = 0. What is the highest common divisor of p and 39?
13
Suppose 57 = -u - 5*g, 5*g = 5*u - 2*u + 111. Let c = u - -6. Let x be (6/(-1))/(c/48). What is the greatest common divisor of 16 and x?
8
Suppose 4*c - 38 = -2*z, 0*z + 33 = 4*c + z. Let t be 377/c - (-8)/56. What is the highest common divisor of 9 and t?
9
Suppose 0 = z - 5, 5*q + 0*z = z + 75. Calculate the greatest common divisor of q and 400.
16
Let t = 333 - 289. Calculate the greatest common factor of t and 220.
44
Let c(v) = -v**3 - 5*v**2 - 15. Let b be c(-6). Let i(r) = 3*r - 43. Let w be i(26). What is the greatest common factor of w and b?
7
Suppose 78*c - 754 = 52*c. Suppose -4*t - t = -145. What is the greatest common divisor of c and t?
29
Let d be -1 - 46*-2 - 0. Let x(g) be the first derivative of 2*g**3/3 + 3*g**2/2 + 4*g - 6. Let a be x(-3). What is the greatest common factor of a and d?
13
Let q = -42 + 57. Suppose -2*j = -0*j - 90. Suppose -3*s + 225 = -j. What is the greatest common factor of s and q?
15
Let v(r) = -1 - 1 + 3*r**3 - 2*r**2 + 3. Let q be v(1). Let p = 13 - 11. What is the highest common divisor of p and q?
2
Let r(o) = -29*o - 18. Let n be r(-3). What is the greatest common factor of n and 161?
23
Let t = -64 - -129. What is the highest common factor of 26 and t?
13
Let n(u) = -3*u**3 + 101*u**2 + 35*u - 26. Let x be n(34). Let c(i) = i**3 - i**2 - 4*i + 2. Let q be c(3). What is the highest common factor of x and q?
8
Let d = 28 - 14. Suppose s + d = -4*q + 85, -q - 4*s + 14 = 0. Calculate the highest common divisor of 2 and q.
2
Suppose -4*k + 112 = -5*s, 5*k - 2*s + 36 = 159. Let x = -58 - -60. Suppose 119 + 19 = x*h. Calculate the greatest common factor of h and k.
23
Let s(n) = n**3 - 22*n**2 - 47*n - 19. Let i be s(24). What is the greatest common divisor of 3 and i?
1
Let f be 0 + 1 - (39 - -6) - 3. Let z = f - -75. Let o = 16 - 9. What is the greatest common divisor of o and z?
7
Suppose 7*j - 21 + 14 = 0. Let g be (-190)/(-3) - (-7)/(-21). Let o be ((-1)/(-3))/(3/g). What is the greatest common divisor of j and o?
1
Suppose 0 = -16*d + 366 + 978. Suppose 46 = f - 3*y, -4*f - 3*y = -238 + d. What is the greatest common factor of 16 and f?
8
Suppose 0 = 13*r - 1074 - 447. What is the highest common factor of r and 208?
13
Suppose y - 4*v = 4*y - 39, v - 26 = -2*y. Let z = 1 + -3. Let a be ((-104)/12)/(z/21). What is the greatest common divisor of a and y?
13
Let y be (16/(-10))/(-2)*5. Suppose v + 239 + 419 = y*s, 175 = s + 5*v. What is the highest common divisor of s and 15?
15
Suppose 18 = 4*o - 6*o. Let q = -5 - o. Let i(k) = 4*k - 8. Let j be i(q). What is the greatest common divisor of 4 and j?
4
Suppose 144 - 53 = 13*b. What is the greatest common divisor of 343 and b?
7
Suppose 2*k - d - 67 = 0, 5*k + 26*d - 29*d = 168. Calculate the highest common factor of 